units digit of z(u)?
7
Let y(k) = -15114*k - 294. What is the hundreds digit of y(-3)?
0
Suppose 0 = -8*b + 3*b - 5*b. Suppose b = -10*r + 6433 + 1157. What is the units digit of r?
9
Let s = 1607 + 3230. What is the tens digit of s?
3
Let b(l) = 149*l + 56. Let s be b(-2). Let q = s - -479. What is the hundreds digit of q?
2
What is the ten thousands digit of 21174 - (10/30*-66)/2?
2
What is the ten thousands digit of (9021 + 2)*((-108)/(-14) - 4)?
3
Suppose -3*u - 16*d + 17*d = -151, -4*u = 2*d - 208. Suppose -u*n = -54*n + 561. What is the tens digit of n?
8
Suppose 4*q = 2*j - 3222, -4*j = -2*q - 10260 + 3798. What is the tens digit of j?
1
Let i = 302 - -390. Suppose -v - 519 = -2*n - n, i = 4*n - 3*v. Let p = 58 + n. What is the units digit of p?
1
Suppose -w + 2*w - 2*j = 2, 0 = w - 4*j. Suppose w*h - 367 = -h + 3*p, -5*p = 3*h - 227. Let b = h - 64. What is the units digit of b?
0
Let g(t) = -75*t**3 + 7*t**2 - 82*t - 465. What is the thousands digit of g(-6)?
6
What is the hundreds digit of 894*12/48*(-1030)/(-15)?
3
Suppose 2*y + 32 = -g, -3*g = -21*y + 26*y + 80. Let l(j) = 6*j**2 + 34*j - 1. What is the hundreds digit of l(y)?
9
What is the hundreds digit of (2225036/14)/11 + (-9)/7?
4
What is the thousands digit of (-78496)/(-28) + 66/(-154)?
2
Let b = -7 - 3. What is the hundreds digit of 1336/b*(-87 - -77)?
3
Let u(w) = 4*w**3 - 10*w**2 + 7*w + 5. Let i be u(4). Suppose -35 = 122*r - i*r. What is the units digit of r?
5
Let o(n) = -2*n**3 + 108*n**2 - 54*n - 179. What is the tens digit of o(53)?
7
Suppose 0 = -5*k + 4*k - 208. Let t be ((-374)/(-99) + 2/9)*-22. Let p = t - k. What is the units digit of p?
0
Suppose -3*j = j - 4*h, 4*h + 3 = 3*j. Let a be 4/10 + (-466)/(-10) + j. What is the hundreds digit of -6*10/(-12)*a?
2
Let f(y) = -154*y - 1356. What is the hundreds digit of f(-16)?
1
Suppose 3*n - 2*h = -4 + 7, n + 13 = -4*h. What is the units digit of (31 + n)*(-1)/(15/(-126))?
2
Let f(b) = -126*b**3 - b**2 + 43*b + 80. What is the units digit of f(-2)?
8
Suppose -5*a = -5*z - 28660, z + 28656 = 5*a - 3*z. What is the units digit of a?
8
Suppose 3*j + q = 11, -3*q = 5*j + q - 23. Let w(k) = 104*k - 16. Let s be w(j). Suppose -30*v + 34*v = s. What is the tens digit of v?
7
Let a = -20 - 11. Let t = a - -21. What is the units digit of -20*(-3)/((-15)/t)?
0
Suppose 4*l - 112 = -100. Suppose l*d = -c + 50, -179 = -4*c + 9*d - 14*d. What is the units digit of c?
1
Suppose 2*a + 4*a - 78327 = 106341. What is the hundreds digit of a?
7
Suppose -2*t + 4*c = 6*c - 6010, 2*c - 12018 = -4*t. Suppose 12349 = 35*g + t. What is the tens digit of g?
6
Let v = -2933 + 4590. What is the tens digit of v?
5
Suppose 31*a = 10*a + 110481. What is the units digit of a?
1
Suppose -107*y + 1108321 - 367380 + 4677539 = 0. What is the thousands digit of y?
0
Suppose 5*t = -m + 7, 3*t - 4*m - 24 + 6 = 0. Suppose -7*j + 5*j - 15 = -w, 5*j + 6 = -t*w. Suppose w*r - 41 = 134. What is the units digit of r?
5
Suppose 0 = -p + 5*n - 3, 5*p - 1 = 3*n + 6. Suppose x + 281 = p*g - 113, -5*x - 10 = 0. What is the hundreds digit of g?
1
Let a = -945 + 939. Let d(s) = 2*s**3 + 10*s**2 + 10*s + 22. Let u(j) = 1. Let r(i) = -d(i) + u(i). What is the units digit of r(a)?
1
Let l = -2827 - -8286. What is the units digit of l?
9
Let y(d) = 67*d - 39. Let j(k) = -83*k + 42. Let s(x) = 3*j(x) + 4*y(x). Suppose -2*w - 2*c + 18 = 0, 2*w + 0*w - 2*c + 2 = 0. What is the units digit of s(w)?
6
What is the units digit of -6 - (-13 - 14) - -30706?
7
What is the tens digit of (48035 + (-15 - 8))*(-2)/(-2)?
1
Let i be 753/(-12) - 15/60. Let g = 268 - i. What is the tens digit of g?
3
Let q = -81 + 86. Suppose 15*f - q*f = 2360. What is the units digit of f?
6
Let j(b) = b + 11. Let h be j(-5). Suppose 0*n + 3*n - h = -s, 5*s - 19 = -4*n. Let w(l) = 8*l**2 - 3*l + 6. What is the tens digit of w(s)?
6
Suppose 14 = -2*a - 2*g, 4*a = 5*g - 5 - 50. What is the units digit of (-7602)/(-15) + 8/a?
6
Let b be (1 + (-6)/(-4))*6. Suppose 326*k = 2*x + 329*k - 6, 9 = 3*x - k. What is the hundreds digit of b/(4 - x)*15?
2
What is the tens digit of (-2315 + 30)/(2/(-16))?
8
Suppose 18*d - 14*d - 844 = 0. Let i = d + 202. What is the hundreds digit of i?
4
Let t(m) = 95*m**3 - m**2 + 18*m - 165. What is the thousands digit of t(6)?
0
Let m(q) be the second derivative of 21*q**4/2 + q**3/3 - 3*q**2/2 - 29*q. What is the tens digit of m(1)?
2
Suppose -z = 2*z - 594. Suppose 4810 = -32*u + 682. Let o = u + z. What is the units digit of o?
9
Suppose -92*w - 7*w = -60023 - 3181534. What is the tens digit of w?
4
Let g(o) = -14*o**2 + 17*o**2 + 2 - 8*o + 11*o**2. What is the units digit of g(1)?
8
Let b(p) = 95*p**3 + 32*p + 27. What is the hundreds digit of b(7)?
8
Suppose -2*z = 3*k - 31703, 0 = -5*k - 16*z + 12*z + 52833. What is the tens digit of k?
7
Let j(q) = -q**3 - 9*q**2 - 3*q - 10. Let s be j(-6). Let y be (s/26 - -4) + 4/(-26). Suppose y = 4*v - 4, -o + v = -109 + 4. What is the units digit of o?
6
What is the thousands digit of (5/((-10)/56))/((-11)/(35915/10))?
9
Suppose -27602 = -2*s + 5*a + 227, 55652 = 4*s - 4*a. What is the hundreds digit of s?
9
Let w(u) be the third derivative of -u**6/120 + 2*u**5/15 - 2*u**4/3 + 25*u**3/3 - 81*u**2. What is the units digit of w(6)?
6
Let h = 2271 - 3507. Let q = h + 1892. What is the hundreds digit of q?
6
Let u be 44 + -41 + -1 + 0. What is the units digit of (42/(-3) + u)*(5 + -16)?
2
Let d(n) = 7*n**2 - n - 2. Let p be d(-2). Suppose -133*c + 121*c = 2424. Let g = p - c. What is the units digit of g?
0
Let s(j) = j**2 + 2*j - 5. Let d be s(-4). Let v = 17 - 11. Suppose -4*q + 116 = g - v*q, -15 = -d*q. What is the tens digit of g?
2
Let r be (0/(8/4))/(-1). Suppose 25 = 3*l - r*l - 2*y, 2*y = -2*l. Suppose -l*f = -9*f + 100. What is the units digit of f?
5
Suppose -2*z + 6*z - 28 = 0. Suppose 5*o + z = -3*s + 17, 4*o - 5*s - 8 = 0. What is the tens digit of o/(18/57)*9?
5
Let n = -365 + 360. What is the tens digit of 3*((n - -2) + 86)?
4
Let n = 15538 + -15455. What is the tens digit of n?
8
Let y = 19577 - 12845. Suppose 17*r - y = -0*r. What is the tens digit of r?
9
Suppose -2*p + 6098 + 52330 = 4*c, 3*p - 87592 = 4*c. What is the tens digit of p?
0
Let h = 1080 + -717. Suppose -3*j + 213 + h = 0. What is the units digit of j?
2
Let c be 260/15 - 8/6. Suppose -4*i = -9*i - f + 5, -2*i - c = 4*f. Suppose 3*o - 114 = 2*o + 2*b, i*b - 6 = 0. What is the units digit of o?
0
Suppose 8*l - 60112 - 10054 = 51042. What is the units digit of l?
1
Let y(n) = 6147*n**2 - 18*n - 13. What is the tens digit of y(2)?
3
Let m(g) = 7704*g**3 + 7*g**2 + 8*g - 5. What is the tens digit of m(2)?
7
Let j be (-7 + 0)*120/6. Let o be (-10)/6*(-117)/195. What is the units digit of (10 + 0/o)/((-8)/j)?
5
Suppose 3 - 11 = 2*s. Let l be 0 - ((-8)/(-2) + s). Suppose -168 = -2*y - 2*m, -y + 5*m - 21 + 111 = l. What is the units digit of y?
5
Suppose 0 = -p + g + 5993, 2*p + 4*g - 4970 - 7016 = 0. What is the thousands digit of p?
5
Let b(k) = -k**3 - 3*k**2 - 3*k + 2. Let x be b(-2). Suppose 0*o - 658 = -2*u + x*o, 3*u = -o + 959. What is the hundreds digit of u?
3
What is the units digit of (-9 - 0) + ((-1450461200)/(-20400) - (-2)/(-51))?
2
Suppose 18*w + 16782 = q + 19*w, -q + w = -16788. What is the ten thousands digit of q?
1
Suppose 35333 = v + u + 12139, 0 = -v + 4*u + 23194. What is the ten thousands digit of v?
2
Let m(a) = 47*a + 21. Let y(n) = 140*n + 60. Let r(j) = 16*m(j) - 5*y(j). What is the tens digit of r(14)?
6
Let y = 52210 - 31456. What is the tens digit of y?
5
Let m(q) = -19*q - 11. Let v(g) = -g**3 + 6*g**2 - 3*g + 10. Suppose -5*h + 27 = -3. Let r be v(h). What is the hundreds digit of m(r)?
1
Let t(w) = 196*w**2 + 50*w - 5. What is the ten thousands digit of t(-8)?
1
Suppose 0 = -141*l + 23*l + 4794458. What is the units digit of l?
1
Let o be (4/6)/(14/42) + 3. Suppose -4*x - 3*g + 35 = -0*g, 0 = -o*x - 2*g + 35. Suppose -q + x*q = 444. What is the hundreds digit of q?
1
Let s be ((-36)/(-10))/(6/20)*5. Suppose -3*r = 3*z - 1296, r = 3*z - 1236 - s. What is the units digit of z?
2
Let i(z) = 41*z**2 - 29*z - 390. What is the hundreds digit of i(-11)?
8
Let y(z) be the third derivative of z**6/120 + 3*z**5/20 - 3*z**4/8 + z**3/6 + 